- -10?
-21122
In base 15, what is -23 + 23?
0
In base 16, what is c + 9?
15
In base 14, what is 40 - -6?
46
In base 13, what is 43 + 1?
44
In base 4, what is 3 - 11320?
-11311
In base 12, what is -2b3 - 3?
-2b6
In base 14, what is -289 + -9?
-294
In base 4, what is -1 - -3231?
3230
In base 9, what is -15 + 28?
13
In base 3, what is 212 - 102120?
-101201
In base 2, what is -10111 + 0?
-10111
In base 14, what is 71 - 5?
6a
In base 15, what is -4 - 2e?
-33
In base 14, what is -673 + a?
-667
In base 12, what is 22 - b?
13
In base 14, what is 11 - -35?
46
In base 8, what is -32 + 310?
256
In base 8, what is -105 + 7?
-76
In base 5, what is 31 + -21?
10
In base 10, what is 9 - 0?
9
In base 2, what is 11111101 + 11?
100000000
In base 13, what is -4b6 - 5?
-4bb
In base 2, what is -11 - 100100011110?
-100100100001
In base 9, what is -47 + -471?
-528
In base 13, what is 0 - -30?
30
In base 2, what is 101010 + -1101010?
-1000000
In base 6, what is 2021 - -20?
2041
In base 9, what is -1 - -16?
15
In base 7, what is 3 - -1025?
1031
In base 6, what is -224 + -2?
-230
In base 7, what is -3 - 4541?
-4544
In base 2, what is 0 - -1001101001?
1001101001
In base 8, what is 1 - -3217?
3220
In base 3, what is 22 - 11002?
-10210
In base 10, what is 0 + -45?
-45
In base 5, what is 101 + -1420?
-1314
In base 3, what is -112 + -10?
-122
In base 10, what is 3 - -20?
23
In base 2, what is -1110100000 + -1010?
-1110101010
In base 16, what is 7 + -1b4?
-1ad
In base 10, what is 477 + 1?
478
In base 9, what is -37 + 53?
15
In base 8, what is 65 - 174?
-107
In base 6, what is -43552 + -2?
-43554
In base 4, what is 3 - 220011?
-220002
In base 3, what is 20 + -21?
-1
In base 8, what is -22516 - 2?
-22520
In base 16, what is -11 + b?
-6
In base 3, what is 111 + -221222?
-221111
In base 7, what is -141 - -55?
-53
In base 6, what is 0 - -2030?
2030
In base 13, what is -23 + 17?
-9
In base 7, what is -1 - -2045?
2044
In base 15, what is 0 + c?
c
In base 16, what is 2 - -e4?
e6
In base 3, what is -1221 + 1200?
-21
In base 10, what is 444 - 1?
443
In base 13, what is -1ab6 - -4?
-1ab2
In base 2, what is 10111011001001 + 1?
10111011001010
In base 9, what is -4 - 235?
-240
In base 15, what is 112 - 1a?
e7
In base 15, what is 16 + -13?
3
In base 14, what is 3 - 11?
-c
In base 14, what is -249 - -40?
-209
In base 13, what is 3 + 31c?
322
In base 8, what is -5260 - 1?
-5261
In base 7, what is 13146 - 3?
13143
In base 2, what is 1111 - 0?
1111
In base 3, what is -11 + -210222?
-211010
In base 9, what is 4 - -34?
38
In base 5, what is -204 + 4?
-200
In base 15, what is 4 + 9b?
a0
In base 5, what is 40 + 22?
112
In base 10, what is 32 - 3?
29
In base 11, what is 4 + 194?
198
In base 12, what is 4 - 29?
-25
In base 13, what is 25a1 - -3?
25a4
In base 4, what is -1112 - -132?
-320
In base 6, what is -1 - 15204?
-15205
In base 3, what is 0 - 121012?
-121012
In base 16, what is a2 - -4?
a6
In base 13, what is 11 - 275?
-264
In base 12, what is -9 - 6?
-13
In base 3, what is 1 + -21020011?
-21020010
In base 8, what is -4 - -1622?
1616
In base 11, what is 139 + -2?
137
In base 4, what is -20 + -10?
-30
In base 14, what is 7 + -b26?
-b1d
In base 12, what is 664 - -6?
66a
In base 13, what is 4 + 269?
270
In base 12, what is 9 + -10a?
-101
In base 16, what is 62 - -b?
6d
In base 9, what is 0 + -1478?
-1478
In base 16, what is 6a + 5?
6f
In base 6, what is 3 - 43?
-40
In base 16, what is -14 + 1d?
9
In base 4, what is -10 - -1002?
332
In base 13, what is 1 - -24?
25
In base 16, what is 1c85 - 1?
1c84
In base 3, what is 11 + 2110?
2121
In base 14, what is 610b - 3?
6108
In base 2, what is -100111001 - -101?
-100110100
In base 10, what is 9 + 64?
73
In base 2, what is 110 + -100010?
-11100
In base 9, what is -1256 + -5?
-1262
In base 11, what is -1a + -38?
-57
In base 11, what is -2 - -21?
1a
In base 3, what is 112 + -222?
-110
In base 11, what is -4 - -83?
7a
In base 4, what is 212 + -1011?
-133
In base 13, what is 21761 + -2?
2175c
In base 15, what is -51 - -2?
-4e
In base 8, what is 2 + -2666?
-2664
In base 2, what is -110 - -10000100000?
10000011010
In base 16, what is 151 + -2?
14f
In base 8, what is -126 - -6?
-120
In base 14, what is 3 - 84?
-81
In base 8, what is 3 - 5021?
-5016
In base 11, what is -41 - -4?
-38
In base 6, what is 133 + 45?
222
In base 12, what is 262 - 4?
25a
In base 4, what is -3 + 132?
123
In base 8, what is 4 - -1001?
1005
In base 16, what is -77 - -8?
-6f
In base 8, what is 14444 - -5?
14451
In base 2, what is 101000001 - -10?
101000011
In base 4, what is 3 + -30222?
-30213
In base 6, what is 145 - 24?
121
In base 3, what is 12 - -221?
1010
In base 16, what is -2c + 3?
-29
In base 9, what is -6 + -44?
-51
In base 13, what is -1925 - -2?
-1923
In base 5, what is -14 - 110?
-124
In base 10, what is 3 + 342?
345
In base 3, what is -212 + -2212?
-10201
In base 16, what is 52 + -d?
45
In base 9, what is 100 - 1?
88
In base 14, what is -1ad - 36?
-205
In base 5, what is -331 + -1?
-332
In base 3, what is 1112 - 1101?
11
In base 12, what is -bb3 + -6?
-bb9
In base 7, what is 24 + 1?
25
In base 5, what is -1301 - -2?
-1244
In base 8, what is -13 + -32?
-45
In base 12, what is -481 + -5?
-486
In base 11, what is -4669 - -4?
-4665
In base 3, what is -1010110 + -102?
-1010212
In base 4, what is -130 - 11002?
-11132
In base 7, what is 35 - -22?
60
In base 2, what is -1010000 - -100?
-1001100
In base 12, what is 7 + -32?
-27
In base 12, what is 24a8b - -1?
24a90
In base 11, what is -10 + 2?
-9
In base 12, what is 4 + -341?
-339
In base 11, what is 1112 + 12?
1124
In base 11, what is -3 + 52?
4a
In base 8, what is 0 - -164?
164
In base 16, what is -5b13 + 2?
-5b11
In base 4, what is -11 + -30020?
-30031
In base 6, what is -112 + 21?
-51
In base 2, what is -1011001 + 11?
-1010110
In base 9, what is -1766 + -1?
-1767
In base 4, what is -3 + 302?
233
In base 14, what is -2 + -45?
-47
In base 11, what is 5 - -27?
31
In base 5, what is 0 + -100001?
-100001
In base 8, what is 57 + -26?
31
In base 13, what is 4 - -4?
8
In base 7, what is -2434 + 10?
-2424
In base 10, what is 31 - 1?
30
In base 9, what is 3866 + 5?
3872
In base 13, what is -45 + -7?
-4c
In base 16, what is 1083 + -2?
1081
In base 16, what is 4 - 46?
-42
In base 8, what is -2 - 11366?
-11370
In base 5, what is -410 + -2?
-412
In base 11, what is 4 + -1783?
-177a
In base 10, what is -88 + 14?
-74
In base 13, what is -1 + 186?
185
In base 2, what is 1101010 - 11011?
1001111
In base 15, what is 30ca + -2?
30c8
In base 14, what is 29 + b?
36
In base 11, what is -3446 + -5?
-3450
In base 3, what is 10202 - 11?
10121
In base 14, what is -b6 - -5?
-b1
In base 7, what is 45214 + 2?
45216
In base 11, what is 1 - 4010?
-400a
In base 13, what is 1c92 - 3?
1c8c
In base 2, what is 111110 - -101?
1000011
In base 5, what is -134 + -201?
-340
In base 4, what is -1101300 + 11?
-1101223
In base 4, what is 220 + -3?
211
In base 6, what is 3 - -53?
100
In base 2, what is 101 + -10110101?
-10110000
In base 2, what is 11111111 + -111?
11111000
In base 15, what is 3 - -19?
1c
In base 5, what is -421 - -41?
-330
In base 6, what is 155 - 43?
112
In base 14, what is -3 + d63?
d60
In base 10, what is -39 - -5?
-34
In base 6, what is 3050 + 5?
3055
In base 16, what is 81 + 3?
84
In base 13, what is 8 + 289?
294
In base 16, what is 17d8 + 5?
17dd
In base 5, what is 312 - 314?
-2
In base 9, what is 1 + 8758?
8760
In base 7, what is 2 + -1563?
-1561
In base 15, what is -96 - -1?
-95
In base 13, what is -a7 + -3?
-aa
In base 6, what is 2 + 444?
450
In base 14, what is 1 - 259c?
-259b
In base 10, what is 99 + 7?
106
In base 3, what is -1102 - 2?
-1111
In base 14, what is b6 + -14?
a2
In base 12, what is 28 + -11?
17
In base 13, what is 7 + -182?
-178
In base 7, what is -2 - 1225?
-1230
In base 10, what is -4 + -55?
-59
In base 16, what is 3 + -db?
-d8
In base 15, what is -121 + 2?
-11e
In base 10, what is 191 + -7?
184
In base 16, what is 1eb + 3?
1ee
In base 3, what is -12 - -1110?
1021
In base 7, what is 1 - -26561?
26562
In base 15, what is 1c + -11?
b
In base 10, what is 20 + -10?
10
In base 6, what is -1550 - 0?
-1550
In base 10, what is 0 + -53?
-53
In base 10, what is 230 - 30?
200
In base 2, what is -1 - -1010110?
1010101
In base 15, what is 3 + -35